of a.
2, 11, 67
Let y = -72 + 51. Let o = 74 + y. What are the prime factors of o?
53
Let t(g) be the third derivative of 1/30*g**5 + 0 + 0*g + 1/2*g**3 - 8*g**2 + 1/8*g**4. List the prime factors of t(-4).
23
Suppose 0*u - 178 = -2*u. List the prime factors of u/7 - 8/(-28).
13
Let w = -75 - -76. List the prime factors of w/(-2)*-598 - 0.
13, 23
Let c(l) = 2*l**2 - l**2 + 0 - 9*l - 5*l - 15. Let r be c(15). Suppose r = w - 14 + 1. List the prime factors of w.
13
What are the prime factors of ((-6 - -2) + -136)*(-384)/15?
2, 7
Let w be 302 - 3*(-6)/(-9). Suppose -z = 4*z - w. Suppose z = -q + 3*q. List the prime factors of q.
2, 3, 5
Suppose -3*x + 3*w = -12, 2*x = 5*x + w + 4. Suppose 5*a = 2*b + a, x = -3*b - 2*a. Suppose b = -3*l - 28 + 175. What are the prime factors of l?
7
List the prime factors of (2/(-3))/(19/(-5871)).
2, 103
Let s(d) be the second derivative of 13*d**4/12 + d**3/6 - 8*d**2 + 20*d. What are the prime factors of s(5)?
2, 157
Let h = 8 - 11. Let k be 2/h - (-596)/(-6). Let n = -59 - k. What are the prime factors of n?
41
Let a = 1271 - 495. List the prime factors of a.
2, 97
Suppose -1532*i + 1540*i = 3616. What are the prime factors of i?
2, 113
Suppose 353 + 207 = -5*o. Let l = o + 189. List the prime factors of l.
7, 11
Let h(y) = 65*y**3 + 2*y**2 + 3. Let u be h(2). Let n = u + -280. What are the prime factors of n?
251
What are the prime factors of 6 + -1 - -433 - 8?
2, 5, 43
Let x(b) = 10*b**2 + 74*b + 38. What are the prime factors of x(-16)?
2, 7, 101
Let j = 406 - 27. What are the prime factors of j?
379
Let k = -518 + 902. What are the prime factors of k?
2, 3
Suppose u = 5*x - 425, 2*x + 3*x = -4*u + 450. List the prime factors of x.
2, 43
Suppose 11*s - 6275 - 33897 = 0. What are the prime factors of s?
2, 11, 83
Suppose -4*t + 28 = 5*z, -4*t + 2*t + 26 = 4*z. Suppose 2*a + 258 = 4*m, -4*a = z + 4. What are the prime factors of m?
3, 7
Suppose 5*u + 3*f = -111, 52 = -u - u - 5*f. Let p = -21 - u. Suppose p = 5*m - 207 + 62. List the prime factors of m.
29
Let r(h) be the first derivative of h**2/2 - 2. Let k(x) = -x**2 - 5*x. Let u be k(-3). What are the prime factors of r(u)?
2, 3
Suppose 2*w = -5*l + 34, 0*l = 3*w + 2*l - 29. Suppose 5*z = a - w - 87, 2*z = -a + 73. What are the prime factors of a?
79
Let q(z) = z**2 - 8*z + 9. Let n be (-12)/18*(0 + -9). Let r be q(n). What are the prime factors of ((-5)/(-15))/(r/(-531))?
59
Let r(h) = 2*h - 9. Let t be r(-7). Let g = 33 + t. List the prime factors of (3 + 0 + g)/1.
13
Suppose 106 = 4*o - 3*o. Let m = -72 + o. What are the prime factors of m?
2, 17
Let l = -61 + 65. Suppose -2*g - 3*g + 1443 = -l*v, g - 281 = -3*v. List the prime factors of g.
7, 41
Let q = -37 - -80. Suppose 2*v = -6*v - 88. Let h = v + q. List the prime factors of h.
2
Suppose -14*a + 5*a + 3087 = 0. What are the prime factors of a?
7
List the prime factors of 8/14 - 265820/(-70).
2, 3, 211
Let h(s) = s**2 - 40 + 26 + s**2 - 8*s. What are the prime factors of h(9)?
2, 19
Let v(y) = 2*y**2 - 6*y + 5. Let q be v(3). What are the prime factors of (-5)/(q + 0) - -23?
2, 11
Let k = 123 - 15. List the prime factors of k.
2, 3
Let c = 280 + -182. Suppose -660 = 69*z - 81*z. Let w = c - z. What are the prime factors of w?
43
Let x(j) = j + 6. Let m be x(-6). Suppose -4*u - u + 10 = m. Suppose u*n + 2*n = 12. What are the prime factors of n?
3
Suppose 0*l = 10*l - 2660. What are the prime factors of l?
2, 7, 19
Let y be (-3)/2*(-414)/27. Suppose -y*n + 27*n = -32. List the prime factors of (-15)/(-60) - 182/n.
23
Suppose -249*x + 264*x = 15690. List the prime factors of x.
2, 523
Let m be (-3)/6*20/(-2). Let f be 2 + -53*(m + -4). What are the prime factors of f/(-3)*3 - 2?
7
Let v(c) = -6*c - 42. Let i be v(-6). Let l(w) = -2 + 0*w - w + 10. List the prime factors of l(i).
2, 7
Let j = 50 + 41. Suppose 3*o - j = 449. What are the prime factors of o?
2, 3, 5
Suppose -11*x + 4*x + 882 = 0. List the prime factors of x.
2, 3, 7
Suppose -4*c = -2*c - 8. Let j(s) = -s**3 + 4*s**2 - 1. Let k be j(c). What are the prime factors of (-11)/(2 - 4 - k)?
11
List the prime factors of (-3 + -1)/((-16)/1192).
2, 149
List the prime factors of (-1)/4 - (-8694)/24.
2, 181
Let y(k) = -2*k - 5. Let a be y(-1). What are the prime factors of ((-8)/4)/((18/147)/a)?
7
Let d = 16 + -10. Let a be (-3)/((-12)/8) - d. Let o = 26 + a. List the prime factors of o.
2, 11
Suppose -7*y = -5852 - 2401. What are the prime factors of y?
3, 131
Suppose 424 + 846 = 2*k. List the prime factors of k.
5, 127
Let u = -320 - -1343. List the prime factors of u.
3, 11, 31
Let m(y) = 10*y**3 + 1 + 0*y**2 - y + 0*y**2 + 24*y**3. Let o be m(1). Let s = o + -14. What are the prime factors of s?
2, 5
Let n(m) be the third derivative of 0*m + 1/3*m**3 + 0 + 2*m**2 + 1/4*m**4. What are the prime factors of n(3)?
2, 5
Suppose -3*q - 36 = -63. Suppose -8*v = -q*v + 62. List the prime factors of v.
2, 31
List the prime factors of (-9226)/(-4) + (-85)/170.
2, 1153
Let d be ((-2)/6)/((-6)/36). Suppose 46 = w - 3*k, -4*w - d*k + k = -210. Let c = w - 10. List the prime factors of c.
2, 3, 7
Let o = -43 - -29. List the prime factors of 2/o + (-675)/(-21).
2
Let j = -70 - -297. Let o = 413 - j. List the prime factors of o.
2, 3, 31
Let h = 125 + 42. Suppose 3*a + h = 2*b, 0*b - 4*b + a = -359. What are the prime factors of b?
7, 13
List the prime factors of 4/(-18) - (7636/(-18))/1.
2, 53
Let h be (10 - 13)*4/(-6). Suppose 0 = -h*s + 10, -w + 2*s = -3*w + 162. Suppose 4*l + 4 = w. List the prime factors of l.
2, 3
Let b(v) = v**2 + 6*v - 3. Let p(r) = r**2 + 11*r + 16. Let x be p(-7). List the prime factors of b(x).
3, 23
Let n(r) = 31*r + 23. Let i be n(13). Suppose -5*c = 5*u - 525, -5*u + i = -u - 2*c. List the prime factors of u.
2, 53
Suppose -t + 0*t + 3 = 0. Suppose t*i + i = 2*n - 24, 0 = 3*n + 2*i - 12. Suppose 4*v - 4*a - 22 = -n, -v = -3*a - 2. What are the prime factors of v?
5
Suppose 27*n - 29*n = -8. List the prime factors of 817/7 - (-1)/14*n.
3, 13
Suppose 0 = -8*h + 841 + 215. Suppose h = 4*p - 2*q - 2*q, -66 = -2*p + 3*q. What are the prime factors of p?
3, 11
Suppose 7*t = -v + 5*t + 427, -5*v - 3*t + 2107 = 0. What are the prime factors of v?
419
Let b = 32 + -31. Let d(o) = -o**3 + 3*o**2 - o - 1. Let n be d(b). Suppose -2*y = -3*f + 74 + 144, n = f - 3*y - 82. List the prime factors of f.
2, 5, 7
Let s(u) = -u**3 - 4*u**2 + 2*u - 3. Let j be s(-3). Suppose -5*t + 1420 = -5*b, 8*b - 10*b = -t + 566. List the prime factors of (j/27)/(4/b).
47
Let t be (105/10)/(9/12). Suppose 4*o + 2*w - 4*w = 60, -2*o + 5*w = -t. What are the prime factors of o?
17
Let t(v) = -2*v**3 - v**2 + v - 4. Let a(f) = -5*f**3 - 2*f**2 + 3*f - 7. Let r(o) = -3*a(o) + 7*t(o). List the prime factors of r(3).
5
Let j be (-21958 + -8)/(-14) + (-1)/1. Let l = -41 - 31. What are the prime factors of (-4)/(-18) - j/l?
2, 11
Let i be 4/6 + 14/6. Suppose -2*z + 2 = 2*x, -1 + 16 = 3*z - i*x. List the prime factors of (-5 + 0)*z/(-5).
3
Let y(u) be the first derivative of 3*u**4/8 - 2*u**3/3 + 4*u**2 - 5. Let h(x) be the second derivative of y(x). List the prime factors of h(6).
2, 5
Let h(f) = f**3 - 11*f**2 + 12*f - 14. Let v be h(10). Suppose 0 = -v*p + 3*p. List the prime factors of p + 12*4/8.
2, 3
Suppose r - 25 = -4*r. Suppose 0 = -2*q + 8, -132 = -r*x + 2*x + 3*q. Suppose -x = -4*o + 3*z, -5*o - 2*z - z = -33. What are the prime factors of o?
3
Let m = -109 + 728. List the prime factors of m.
619
Let b be (6 - 9)/(3/(-220)). Suppose -7*u = -3*u - b. What are the prime factors of (-10*1)/((-10)/u)?
5, 11
Suppose z = -2 + 14. Let r = -29 + 94. Suppose -z = y - r. What are the prime factors of y?
53
Let w(l) = 6*l**2 + 95*l - 25. List the prime factors of w(-21).
2, 313
Let o = 9 - 8. Let t be 1/1 + (2 - o). Suppose a + 41 = t*l, 5*l + 5*a - 50 - 60 = 0. List the prime factors of l.
3, 7
Let y be (-11)/5 + (-9)/(-45). Let g be 2/(y/3) + 7. Suppose 2*b = g*b - 46. List the prime factors of b.
23
Let m = -103 + 30. Let d = m + 102. List the prime factors of d.
29
Let d(s) = 7*s**2 - 4*s - 1. Let i be d(3). Let a = 35 - 59. Let z = i + a. List the prime factors of z.
2, 13
Let o(b) = b**3 - 7*b**2 - 11*b + 20. Let h be o(8). List the prime factors of (1 - 27)*(h